{"id":1920,"date":"2020-06-06T23:34:26","date_gmt":"2020-06-06T21:34:26","guid":{"rendered":"http:\/\/antam.ovh\/?page_id=1920"},"modified":"2020-06-19T15:05:23","modified_gmt":"2020-06-19T13:05:23","slug":"expeditions-polaires","status":"publish","type":"page","link":"http:\/\/antam.ovh\/index.php\/expeditions-polaires\/","title":{"rendered":"Exp\u00e9ditions polaires"},"content":{"rendered":"\t\t<div data-elementor-type=\"wp-page\" data-elementor-id=\"1920\" class=\"elementor elementor-1920\">\n\t\t\t\t\t\t<section class=\"elementor-section elementor-top-section elementor-element elementor-element-8b4eceb elementor-section-boxed elementor-section-height-default elementor-section-height-default\" data-id=\"8b4eceb\" data-element_type=\"section\">\n\t\t\t\t\t\t<div class=\"elementor-container elementor-column-gap-default\">\n\t\t\t\t\t<div class=\"elementor-column elementor-col-100 elementor-top-column elementor-element elementor-element-b74ccc0\" data-id=\"b74ccc0\" data-element_type=\"column\">\n\t\t\t<div class=\"elementor-widget-wrap elementor-element-populated\">\n\t\t\t\t\t\t<div class=\"elementor-element elementor-element-632ecd2 elementor-widget elementor-widget-heading\" data-id=\"632ecd2\" data-element_type=\"widget\" data-widget_type=\"heading.default\">\n\t\t\t\t<div class=\"elementor-widget-container\">\n\t\t\t<h2 class=\"elementor-heading-title elementor-size-default\">Exp\u00e9ditions Polaires \u2013 Mission Dumont au Groenland<\/h2>\t\t<\/div>\n\t\t\t\t<\/div>\n\t\t\t\t\t<\/div>\n\t\t<\/div>\n\t\t\t\t\t<\/div>\n\t\t<\/section>\n\t\t\t\t<section class=\"elementor-section elementor-top-section elementor-element elementor-element-d97c81f elementor-section-boxed elementor-section-height-default elementor-section-height-default\" data-id=\"d97c81f\" data-element_type=\"section\">\n\t\t\t\t\t\t<div class=\"elementor-container elementor-column-gap-default\">\n\t\t\t\t\t<div class=\"elementor-column elementor-col-100 elementor-top-column elementor-element elementor-element-3bb7a6a\" data-id=\"3bb7a6a\" data-element_type=\"column\">\n\t\t\t<div class=\"elementor-widget-wrap elementor-element-populated\">\n\t\t\t\t\t\t<div class=\"elementor-element elementor-element-5a856f7 elementor-widget elementor-widget-text-editor\" data-id=\"5a856f7\" data-element_type=\"widget\" data-widget_type=\"text-editor.default\">\n\t\t\t\t<div class=\"elementor-widget-container\">\n\t\t\t\t\t\t\t<div class=\"OBJ-4\"><p class=\"Corps\" style=\"text-align: left;\"><span class=\"C-3\" style=\"color: #003366;\">Parachutage du 27 Ao\u00fbt 1956 \u2013 Equipage et Passagers du Nord 2501 N\u00b053 FRBHA du CIET\u00a0<\/span><\/p><p class=\"Corps P-6\" style=\"text-align: left;\"><span class=\"C-3\" style=\"color: #003366;\"><img fetchpriority=\"high\" decoding=\"async\" class=\"\" src=\"http:\/\/antam.fr\/wpimages\/wp302b8114_1a.png\" alt=\"\" width=\"588\" height=\"401\" \/><\/span><\/p><p class=\"Corps P-6\" style=\"text-align: left;\"><span class=\"C-3\" style=\"color: #003366;\">1 \u2013 Cne. GERBERT \u2013 Cellule para dispatcher du CEAM de Mont-de-Marsan. Responsable du Conditionnement et de \u00a0l\u2019acheminement du fret \u00e0 larguer .<\/span><\/p><p class=\"Corps P-6\" style=\"text-align: left;\"><span class=\"C-3\" style=\"color: #003366;\">\u00a02- \u00a0Cdt. Marcel CADET \u2013 Navigateur \u2013 Cdt la Division Navigateurs du CIET<\/span><\/p><p class=\"Corps P-6\" style=\"text-align: left;\"><span class=\"C-3\" style=\"color: #003366;\">\u00a03- \u00a0A\/C Mazi\u00e8res \u2013 M\u00e9canicien \u2013 Chef de Piste Nord 2501 du CIET<\/span><\/p><p class=\"Corps P-6\" style=\"text-align: left;\"><span class=\"C-3\" style=\"color: #003366;\">\u00a04- \u00a0Lt. BAUDIN \u2013 Pilote<\/span><\/p><p class=\"Corps P-6\" style=\"text-align: left;\"><span class=\"C-3\" style=\"color: #003366;\">\u00a05 \u2013 Cdt. Ren\u00e9 MEJEAN \u2013 PCA \u2013 Cdt du CIET \u2013 Chef de la Mission A\u00e9rienne<\/span><\/p><p class=\"Corps P-6\" style=\"text-align: left;\"><span class=\"C-3\" style=\"color: #003366;\">\u00a06 \u2013 Mr. DUMONT \u2013 G\u00e9ologue \u2013 Glaciologue \u2013 Exp\u00e9ditions Polaires Fran\u00e7aises \u2013 Chef de la Mission.<\/span><\/p><p class=\"Corps P-6\" style=\"text-align: left;\"><span class=\"C-3\" style=\"color: #003366;\">\u00a07 \u2013 Cne. de LANNURIEN \u2013 Parachutiste <\/span><\/p><p class=\"Corps P-6\" style=\"text-align: left;\"><span class=\"C-3\" style=\"color: #003366;\">\u00a08 \u2013 Docteur GENESSIAUX \u2013 M\u00e9decin \u2013 Arm\u00e9e de l\u2019Air<\/span><\/p><p class=\"Corps P-6\" style=\"text-align: left;\"><span class=\"C-3\" style=\"color: #003366;\">\u00a09 \u2013 Monsieur DIRRAISON \u2013 Radio de la Police Nationale<\/span><\/p><p class=\"Corps P-6\" style=\"text-align: left;\"><span class=\"C-3\" style=\"color: #003366;\">10 \u2013 Cne. VINCENDON \u2013 Chef largueur \u2013 Chef de la cellule Parachutistes du CEAM \u2013 Avait d\u00e9j\u00e0 particip\u00e9, en 1949, \u00e0 la pr\u00e9paration de l\u2019Exp\u00e9dition sur la c\u00f4te Ouest.<\/span><\/p><p class=\"Corps P-6\" style=\"text-align: left;\"><span class=\"C-3\" style=\"color: #003366;\">11 \u2013 Monsieur SERRA \u2013 CEAM<\/span><\/p><p class=\"Corps P-6\" style=\"text-align: left;\"><span class=\"C-3\" style=\"color: #003366;\">12 \u2013 A\/C \u00a0BERGERON \u2013 M\u00e9canicien Navigant de l\u2019avion.<\/span><\/p><p class=\"Corps P-6\" style=\"text-align: left;\"><span class=\"C-3\" style=\"color: #003366;\">13 \u2013 Adt. FABIANI \u2013 Navigateur \u2013 Charg\u00e9 de la Navigation Astronomique<\/span><\/p><p class=\"Corps P-6\" style=\"text-align: left;\"><span style=\"color: #003366;\"><span class=\"C-3\">14 \u2013 Lt GRANDOTO \u2013 Radio-Navigant \u00a0\u00a0\u00a0\u00a0\u00a0\u00a0\u00a0\u00a0\u00a0\u00a0\u00a0\u00a0\u00a0\u00a0\u00a0\u00a0\u00a0\u00a0\u00a0\u00a0\u00a0\u00a0\u00a0\u00a0\u00a0\u00a0\u00a0\u00a0\u00a0\u00a0\u00a0\u00a0\u00a0\u00a0\u00a0\u00a0\u00a0\u00a0\u00a0\u00a0\u00a0\u00a0\u00a0\u00a0\u00a0\u00a0\u00a0\u00a0\u00a0\u00a0\u00a0 <\/span><span class=\"C-3\">\u00a0\u00a0\u00a0\u00a0\u00a0\u00a0\u00a0\u00a0\u00a0\u00a0\u00a0\u00a0\u00a0\u00a0\u00a0\u00a0\u00a0\u00a0\u00a0\u00a0\u00a0\u00a0\u00a0\u00a0\u00a0\u00a0\u00a0\u00a0\u00a0 <br \/><\/span><\/span><\/p><p class=\"Corps\" style=\"text-align: left;\"><span style=\"color: #003366;\"><em><span class=\"C-4\">Sources \u00a0G. Gadioux \u00a0et R. M\u00e9jean par P. Mayet<\/span><\/em><\/span><\/p><\/div>\t\t\t\t\t\t<\/div>\n\t\t\t\t<\/div>\n\t\t\t\t\t<\/div>\n\t\t<\/div>\n\t\t\t\t\t<\/div>\n\t\t<\/section>\n\t\t\t\t<section class=\"elementor-section elementor-top-section elementor-element elementor-element-b9a3a4f elementor-section-boxed elementor-section-height-default elementor-section-height-default\" data-id=\"b9a3a4f\" data-element_type=\"section\">\n\t\t\t\t\t\t<div class=\"elementor-container elementor-column-gap-default\">\n\t\t\t\t\t<div class=\"elementor-column elementor-col-100 elementor-top-column elementor-element elementor-element-4c9b3b3\" data-id=\"4c9b3b3\" data-element_type=\"column\">\n\t\t\t<div class=\"elementor-widget-wrap\">\n\t\t\t\t\t\t\t<\/div>\n\t\t<\/div>\n\t\t\t\t\t<\/div>\n\t\t<\/section>\n\t\t\t\t<\/div>\n\t\t","protected":false},"excerpt":{"rendered":"<p>Exp\u00e9ditions Polaires \u2013 Mission Dumont au Groenland Parachutage du 27 Ao\u00fbt 1956 \u2013 Equipage et Passagers du Nord 2501 N\u00b053 FRBHA du CIET\u00a0 1 \u2013 Cne. GERBERT \u2013 Cellule para dispatcher du CEAM de Mont-de-Marsan. Responsable du Conditionnement et de \u00a0l\u2019acheminement du fret \u00e0 larguer . \u00a02- \u00a0Cdt. Marcel CADET \u2013 Navigateur \u2013 Cdt la [&hellip;]<\/p>\n","protected":false},"author":1,"featured_media":0,"parent":0,"menu_order":0,"comment_status":"closed","ping_status":"closed","template":"","meta":[],"_links":{"self":[{"href":"http:\/\/antam.ovh\/index.php\/wp-json\/wp\/v2\/pages\/1920"}],"collection":[{"href":"http:\/\/antam.ovh\/index.php\/wp-json\/wp\/v2\/pages"}],"about":[{"href":"http:\/\/antam.ovh\/index.php\/wp-json\/wp\/v2\/types\/page"}],"author":[{"embeddable":true,"href":"http:\/\/antam.ovh\/index.php\/wp-json\/wp\/v2\/users\/1"}],"replies":[{"embeddable":true,"href":"http:\/\/antam.ovh\/index.php\/wp-json\/wp\/v2\/comments?post=1920"}],"version-history":[{"count":6,"href":"http:\/\/antam.ovh\/index.php\/wp-json\/wp\/v2\/pages\/1920\/revisions"}],"predecessor-version":[{"id":3949,"href":"http:\/\/antam.ovh\/index.php\/wp-json\/wp\/v2\/pages\/1920\/revisions\/3949"}],"wp:attachment":[{"href":"http:\/\/antam.ovh\/index.php\/wp-json\/wp\/v2\/media?parent=1920"}],"curies":[{"name":"wp","href":"https:\/\/api.w.org\/{rel}","templated":true}]}}