{"id":3812,"date":"2020-06-14T23:16:10","date_gmt":"2020-06-14T21:16:10","guid":{"rendered":"http:\/\/antam.ovh\/?page_id=3812"},"modified":"2020-06-14T23:28:57","modified_gmt":"2020-06-14T21:28:57","slug":"copyright","status":"publish","type":"page","link":"http:\/\/antam.ovh\/index.php\/copyright\/","title":{"rendered":"Copyright"},"content":{"rendered":"\t\t<div data-elementor-type=\"wp-page\" data-elementor-id=\"3812\" class=\"elementor elementor-3812\">\n\t\t\t\t\t\t<section class=\"elementor-section elementor-top-section elementor-element elementor-element-563b632 elementor-section-boxed elementor-section-height-default elementor-section-height-default\" data-id=\"563b632\" data-element_type=\"section\">\n\t\t\t\t\t\t<div class=\"elementor-container elementor-column-gap-default\">\n\t\t\t\t\t<div class=\"elementor-column elementor-col-100 elementor-top-column elementor-element elementor-element-016ec56\" data-id=\"016ec56\" data-element_type=\"column\">\n\t\t\t<div class=\"elementor-widget-wrap elementor-element-populated\">\n\t\t\t\t\t\t<div class=\"elementor-element elementor-element-1b7e1e6 elementor-widget elementor-widget-heading\" data-id=\"1b7e1e6\" data-element_type=\"widget\" data-widget_type=\"heading.default\">\n\t\t\t\t<div class=\"elementor-widget-container\">\n\t\t\t<h2 class=\"elementor-heading-title elementor-size-default\">Mentions l\u00e9gales<\/h2>\t\t<\/div>\n\t\t\t\t<\/div>\n\t\t\t\t\t<\/div>\n\t\t<\/div>\n\t\t\t\t\t<\/div>\n\t\t<\/section>\n\t\t\t\t<section class=\"elementor-section elementor-top-section elementor-element elementor-element-df14448 elementor-section-boxed elementor-section-height-default elementor-section-height-default\" data-id=\"df14448\" data-element_type=\"section\">\n\t\t\t\t\t\t<div class=\"elementor-container elementor-column-gap-default\">\n\t\t\t\t\t<div class=\"elementor-column elementor-col-100 elementor-top-column elementor-element elementor-element-f61f61c\" data-id=\"f61f61c\" data-element_type=\"column\">\n\t\t\t<div class=\"elementor-widget-wrap elementor-element-populated\">\n\t\t\t\t\t\t<div class=\"elementor-element elementor-element-c8cb307 elementor-widget elementor-widget-text-editor\" data-id=\"c8cb307\" data-element_type=\"widget\" data-widget_type=\"text-editor.default\">\n\t\t\t\t<div class=\"elementor-widget-container\">\n\t\t\t\t\t\t\t<h5 class=\"Corps P-3\" style=\"text-align: left;\"><strong><span style=\"color: #003366;\"><span class=\"C-5\">Droits<\/span><span class=\"C-5\"> d&rsquo;auteur<\/span><\/span><\/strong><\/h5><p class=\"Corps P-4\" style=\"text-align: left;\"><span class=\"C-3\" style=\"color: #003366;\">La pr\u00e9sentation et le contenu (textes, \u00e9l\u00e9ments graphiques, photos, s\u00e9quences sonores&#8230;) du pr\u00e9sent site constituent ensemble une \u0153uvre prot\u00e9g\u00e9e en France par le Code de la Propri\u00e9t\u00e9 intellectuelle et \u00e0 l&rsquo;\u00e9tranger par les Conventions internationales en vigueur sur les droits d&rsquo;auteur.<\/span><\/p><p class=\"Corps P-4\" style=\"text-align: left;\"><span class=\"C-3\" style=\"color: #003366;\">Les dessins, photographies, images, textes, s\u00e9quences sonores repr\u00e9sent\u00e9s sur le site Internet sont l&rsquo;objet de droits de propri\u00e9t\u00e9 industrielle et intellectuelle.<\/span><\/p><p class=\"Corps P-4\" style=\"text-align: left;\"><span class=\"C-3\" style=\"color: #003366;\">La copie \u00e0 usage priv\u00e9 de ces diff\u00e9rents objets est autoris\u00e9e.<\/span><\/p><h5 class=\"Corps P-4\" style=\"text-align: left;\"><span style=\"color: #003366;\"><strong><span class=\"C-3\"><span class=\"C-5\">Liens hypertextes<\/span><\/span><\/strong><\/span><\/h5><p class=\"Corps P-4\" style=\"text-align: left;\"><span class=\"C-3\" style=\"color: #003366;\">Les liens mis en place depuis ce site Internet ne sauraient engager \u00a0la responsabilit\u00e9 de son propri\u00e9taire au regard du contenu de ces sites mais \u00e9galement des risques techniques.<\/span><\/p><p class=\"Corps P-4\" style=\"text-align: left;\"><span class=\"C-3\" style=\"color: #003366;\">Le propri\u00e9taire de ce site Internet n&rsquo;est pas responsable des liens hypertextes susceptibles de pointer sur son site.<\/span><\/p><h5 class=\"Corps P-5\" style=\"text-align: left;\"><span style=\"color: #003366;\"><strong><span class=\"C-3\"><span class=\"C-5\">Confidentialit\u00e9<\/span><\/span><\/strong><\/span><\/h5><p class=\"Corps P-4\" style=\"text-align: left;\"><span class=\"C-3\" style=\"color: #003366;\">Les informations personnelles transmises par les membres de l&rsquo;Association sur ce site Internet ne sont destin\u00e9es qu&rsquo;\u00e0 l&rsquo;usage pr\u00e9vu sur le site. Elles ne sont en aucun cas transmises \u00e0 des tiers.<\/span><\/p><p class=\"Corps P-5\" style=\"text-align: left;\"><span class=\"C-3\" style=\"color: #003366;\">\u00a0<\/span><\/p><h5 class=\"Corps P-6\" style=\"text-align: left;\"><span style=\"color: #003366;\"><strong><span class=\"C-5\">Mise \u00e0 jour<\/span><\/strong><\/span><\/h5><p class=\"Corps P-5\" style=\"text-align: left;\"><span class=\"C-3\" style=\"color: #003366;\">Si vous constatez un lien bris\u00e9, une omission ou une erreur, vous pouvez le faire savoir aupr\u00e8s de l&rsquo;administrateur du site par courriel, voie postale aux adresses figurant dans le site.<\/span><\/p><h5 class=\"Corps P-7\" style=\"text-align: left;\"><strong><span class=\"C-4\" style=\"color: #003366;\">REMERCIEMENTS<\/span><\/strong><\/h5><p class=\"Corps P-5\" style=\"text-align: left;\"><span class=\"C-3\" style=\"color: #003366;\">L\u2019ANTAM remercie toutes les personnes et les services qui, par leurs cr\u00e9dits photos et leurs textes, ont apport\u00e9 leur contribution \u00e0 la r\u00e9alisation de ce site, avec une mention particuli\u00e8re pour\u00a0 le <b>SIRPA Air<\/b> (photos et vid\u00e9os), la <strong>BAAP<\/strong>, les bases a\u00e9riennes de l&rsquo;arm\u00e9e de l&rsquo;air,les associations d\u2019unit\u00e9s,<\/span><\/p><p class=\"Corps P-8\" style=\"text-align: left;\"><span class=\"C-3\" style=\"color: #003366;\">\u00a0\u00a0\u00a0\u00a0\u00a0\u00a0\u00a0\u00a0\u00a0\u00a0\u00a0\u00a0\u00a0\u00a0\u00a0\u00a0\u00a0\u00a0\u00a0\u00a0\u00a0\u00a0\u00a0\u00a0\u00a0\u00a0\u00a0\u00a0\u00a0\u00a0\u00a0\u00a0\u00a0\u00a0\u00a0\u00a0\u00a0\u00a0\u00a0\u00a0\u00a0\u00a0\u00a0\u00a0\u00a0\u00a0\u00a0\u00a0\u00a0\u00a0\u00a0\u00a0\u00a0\u00a0\u00a0\u00a0\u00a0\u00a0\u00a0\u00a0\u00a0\u00a0\u00a0\u00a0\u00a0\u00a0\u00a0\u00a0\u00a0\u00a0\u00a0\u00a0\u00a0\u00a0\u00a0\u00a0\u00a0\u00a0\u00a0\u00a0\u00a0\u00a0\u00a0\u00a0\u00a0\u00a0\u00a0\u00a0\u00a0\u00a0\u00a0\u00a0\u00a0\u00a0\u00a0\u00a0\u00a0\u00a0\u00a0\u00a0\u00a0\u00a0\u00a0\u00a0\u00a0\u00a0 et bien d\u2019autres\u2026<\/span><\/p>\t\t\t\t\t\t<\/div>\n\t\t\t\t<\/div>\n\t\t\t\t\t<\/div>\n\t\t<\/div>\n\t\t\t\t\t<\/div>\n\t\t<\/section>\n\t\t\t\t<\/div>\n\t\t","protected":false},"excerpt":{"rendered":"<p>Mentions l\u00e9gales Droits d&rsquo;auteur La pr\u00e9sentation et le contenu (textes, \u00e9l\u00e9ments graphiques, photos, s\u00e9quences sonores&#8230;) du pr\u00e9sent site constituent ensemble une \u0153uvre prot\u00e9g\u00e9e en France par le Code de la Propri\u00e9t\u00e9 intellectuelle et \u00e0 l&rsquo;\u00e9tranger par les Conventions internationales en vigueur sur les droits d&rsquo;auteur. Les dessins, photographies, images, textes, s\u00e9quences sonores repr\u00e9sent\u00e9s sur le [&hellip;]<\/p>\n","protected":false},"author":1,"featured_media":0,"parent":0,"menu_order":0,"comment_status":"closed","ping_status":"closed","template":"","meta":[],"_links":{"self":[{"href":"http:\/\/antam.ovh\/index.php\/wp-json\/wp\/v2\/pages\/3812"}],"collection":[{"href":"http:\/\/antam.ovh\/index.php\/wp-json\/wp\/v2\/pages"}],"about":[{"href":"http:\/\/antam.ovh\/index.php\/wp-json\/wp\/v2\/types\/page"}],"author":[{"embeddable":true,"href":"http:\/\/antam.ovh\/index.php\/wp-json\/wp\/v2\/users\/1"}],"replies":[{"embeddable":true,"href":"http:\/\/antam.ovh\/index.php\/wp-json\/wp\/v2\/comments?post=3812"}],"version-history":[{"count":6,"href":"http:\/\/antam.ovh\/index.php\/wp-json\/wp\/v2\/pages\/3812\/revisions"}],"predecessor-version":[{"id":3819,"href":"http:\/\/antam.ovh\/index.php\/wp-json\/wp\/v2\/pages\/3812\/revisions\/3819"}],"wp:attachment":[{"href":"http:\/\/antam.ovh\/index.php\/wp-json\/wp\/v2\/media?parent=3812"}],"curies":[{"name":"wp","href":"https:\/\/api.w.org\/{rel}","templated":true}]}}