{"id":27,"date":"2020-05-12T17:18:29","date_gmt":"2020-05-12T15:18:29","guid":{"rendered":"http:\/\/antam.ovh\/?page_id=27"},"modified":"2020-06-09T22:53:39","modified_gmt":"2020-06-09T20:53:39","slug":"reglement-interieur","status":"publish","type":"page","link":"https:\/\/antam.ovh\/index.php\/reglement-interieur\/","title":{"rendered":"R\u00e8glement int\u00e9rieur"},"content":{"rendered":"\t\t<div data-elementor-type=\"wp-page\" data-elementor-id=\"27\" class=\"elementor elementor-27\">\n\t\t\t\t\t\t<section class=\"elementor-section elementor-top-section elementor-element elementor-element-a8db687 elementor-section-boxed elementor-section-height-default elementor-section-height-default\" data-id=\"a8db687\" data-element_type=\"section\">\n\t\t\t\t\t\t<div class=\"elementor-container elementor-column-gap-default\">\n\t\t\t\t\t<div class=\"elementor-column elementor-col-100 elementor-top-column elementor-element elementor-element-b5fdc04\" data-id=\"b5fdc04\" data-element_type=\"column\">\n\t\t\t<div class=\"elementor-widget-wrap elementor-element-populated\">\n\t\t\t\t\t\t<div class=\"elementor-element elementor-element-ca63e32 elementor-widget elementor-widget-heading\" data-id=\"ca63e32\" data-element_type=\"widget\" data-widget_type=\"heading.default\">\n\t\t\t\t<div class=\"elementor-widget-container\">\n\t\t\t<h2 class=\"elementor-heading-title elementor-size-default\">R\u00e8glement int\u00e9rieur<\/h2>\t\t<\/div>\n\t\t\t\t<\/div>\n\t\t\t\t\t<\/div>\n\t\t<\/div>\n\t\t\t\t\t<\/div>\n\t\t<\/section>\n\t\t\t\t<section class=\"elementor-section elementor-top-section elementor-element elementor-element-5b6910cc elementor-section-boxed elementor-section-height-default elementor-section-height-default\" data-id=\"5b6910cc\" data-element_type=\"section\" data-settings=\"{&quot;background_background&quot;:&quot;classic&quot;}\">\n\t\t\t\t\t\t<div class=\"elementor-container elementor-column-gap-default\">\n\t\t\t\t\t<div class=\"elementor-column elementor-col-100 elementor-top-column elementor-element elementor-element-6f617858\" data-id=\"6f617858\" data-element_type=\"column\">\n\t\t\t<div class=\"elementor-widget-wrap elementor-element-populated\">\n\t\t\t\t\t\t<div class=\"elementor-element elementor-element-227be43e elementor-widget elementor-widget-text-editor\" data-id=\"227be43e\" data-element_type=\"widget\" data-widget_type=\"text-editor.default\">\n\t\t\t\t<div class=\"elementor-widget-container\">\n\t\t\t\t\t\t\t<div data-colibri-id=\"27-c1\" class=\"style-311 style-local-27-c1 position-relative\">\r\n  <!---->\r\n  <div data-colibri-component=\"section\" data-colibri-id=\"27-c2\" id=\"initial-content\" class=\"h-section h-section-global-spacing d-flex align-items-lg-center align-items-md-center align-items-center style-312 style-local-27-c2 position-relative\">\r\n    <!---->\r\n    <!---->\r\n    <div class=\"h-section-grid-container h-section-boxed-container\">\r\n      <!---->\r\n      <div data-colibri-id=\"27-c3\" class=\"h-row-container gutters-row-lg-2 gutters-row-md-2 gutters-row-0 gutters-row-v-lg-2 gutters-row-v-md-2 gutters-row-v-2 style-313 style-local-27-c3 position-relative\">\r\n        <!---->\r\n        <div class=\"h-row justify-content-lg-center justify-content-md-center justify-content-center align-items-lg-stretch align-items-md-stretch align-items-stretch gutters-col-lg-2 gutters-col-md-2 gutters-col-0 gutters-col-v-lg-2 gutters-col-v-md-2 gutters-col-v-2\">\r\n          <!---->\r\n          <div class=\"h-column h-column-container d-flex h-col-lg-auto h-col-md-auto h-col-auto style-314-outer style-local-27-c4-outer\">\r\n            <div data-colibri-id=\"27-c4\" class=\"d-flex h-flex-basis h-column__inner h-px-lg-2 h-px-md-2 h-px-2 v-inner-lg-2 v-inner-md-2 v-inner-2 style-314 style-local-27-c4 position-relative\">\r\n              <!---->\r\n              <!---->\r\n              <div class=\"w-100 h-y-container h-column__content h-column__v-align flex-basis-100 align-self-lg-start align-self-md-start align-self-start\">\r\n                <!---->\r\n                <div data-colibri-id=\"27-c5\" class=\"style-315 style-local-27-c5 position-relative h-element\">\r\n                  <!---->\r\n                  <div>\r\n                    <!-- wp:paragraph -->\r\n                    <p><strong>Article 1 :<\/strong><\/p>\r\n                    <!-- \/wp:paragraph -->\r\n\r\n                    <!-- wp:paragraph -->\r\n                    <p>Le pr\u00e9sent r\u00e8glement est \u00e9tabli en ex\u00e9cution de l&rsquo;article 12 des statuts<\/p>\r\n                    <!-- \/wp:paragraph -->\r\n\r\n                    <!-- wp:paragraph -->\r\n                    <p><strong>Article 2 : Disposition g\u00e9n\u00e9rale<\/strong><\/p>\r\n                    <!-- \/wp:paragraph -->\r\n\r\n                    <!-- wp:paragraph -->\r\n                    <p>Les membres de l&rsquo;association s&rsquo;interdisent, soit dans leurs r\u00e9unions, soit dans l&rsquo;administration de l&rsquo;association toute discussion politique ou religieuse.<\/p>\r\n                    <!-- \/wp:paragraph -->\r\n\r\n                    <!-- wp:paragraph -->\r\n                    <p><strong>Article 3 : Cotisation<\/strong><\/p>\r\n                    <!-- \/wp:paragraph -->\r\n\r\n                    <!-- wp:paragraph -->\r\n                    <p>3.1 . Montant<\/p>\r\n                    <!-- \/wp:paragraph -->\r\n\r\n                    <!-- wp:paragraph -->\r\n                    <p>Les membres actifs et les membres associ\u00e9s acquittent une cotisation annuelle fix\u00e9e par l&rsquo;assembl\u00e9e g\u00e9n\u00e9rale.<\/p>\r\n                    <!-- \/wp:paragraph -->\r\n\r\n                    <!-- wp:paragraph -->\r\n                    <p>Les membres d&rsquo;honneur sont libres de payer une cotisation s&rsquo;ils le souhaitent.<\/p>\r\n                    <!-- \/wp:paragraph -->\r\n\r\n                    <!-- wp:paragraph -->\r\n                    <p>3.2. R\u00e8glement de la cotisation<\/p>\r\n                    <!-- \/wp:paragraph -->\r\n\r\n                    <!-- wp:paragraph -->\r\n                    <p>Les exercices sociaux et comptables co\u00efncident avec l&rsquo;ann\u00e9e civile. Le tr\u00e9sorier tient une comptabilit\u00e9 faisant appara\u00eetre annuellement un compte de r\u00e9sultat, et, si n\u00e9cessaire, les annexes.<\/p>\r\n                    <!-- \/wp:paragraph -->\r\n\r\n                    <!-- wp:paragraph -->\r\n                    <p>La cotisation annuelle est exigible au d\u00e9but de chaque exercice et au plus tard le jour de l&rsquo;assembl\u00e9e g\u00e9n\u00e9rale. Les nouveaux adh\u00e9rents paient leur cotisation en remettant leur bulletin d&rsquo;inscription.<\/p>\r\n                    <!-- \/wp:paragraph -->\r\n\r\n                    <!-- wp:paragraph -->\r\n                    <p>Le tr\u00e9sorier doit faire les rappels aux adh\u00e9rents en retard de leur cotisation.<\/p>\r\n                    <!-- \/wp:paragraph -->\r\n\r\n                    <!-- wp:paragraph -->\r\n                    <p>Chaque ann\u00e9e de cotisation est valid\u00e9e par un timbre \u00e0 apposer sur la carte d&rsquo;adh\u00e9rent.<\/p>\r\n                    <!-- \/wp:paragraph -->\r\n\r\n                    <!-- wp:paragraph -->\r\n                    <p>Le bureau pourra d\u00e9cider l&rsquo;arr\u00eat de l&rsquo;envoi des publication de l&rsquo;association \u00e0 tout membre qui n&rsquo;est pas \u00e0 jour de cotisation \u00e0 la date de l&rsquo;assembl\u00e9e g\u00e9n\u00e9rale.<\/p>\r\n                    <!-- \/wp:paragraph -->\r\n\r\n                    <!-- wp:paragraph -->\r\n                    <p><strong>Article 4 &#8211; Admission &#8211; D\u00e9mission &#8211; Radiation<\/strong><\/p>\r\n                    <!-- \/wp:paragraph -->\r\n\r\n                    <!-- wp:paragraph -->\r\n                    <p>4.1. Admission<\/p>\r\n                    <!-- \/wp:paragraph -->\r\n\r\n                    <!-- wp:paragraph -->\r\n                    <p>L&rsquo;admission est prononc\u00e9e par le bureau du conseil d&rsquo;administration<\/p>\r\n                    <!-- \/wp:paragraph -->\r\n\r\n                    <!-- wp:paragraph -->\r\n                    <p>Une carte de membre actif, associ\u00e9 ou d&rsquo;honneur, est d\u00e9livr\u00e9e aux adh\u00e9rents suivant leur qualit\u00e9.<\/p>\r\n                    <!-- \/wp:paragraph -->\r\n\r\n                    <!-- wp:paragraph -->\r\n                    <p>4.2. D\u00e9mission<\/p>\r\n                    <!-- \/wp:paragraph -->\r\n\r\n                    <!-- wp:paragraph -->\r\n                    <p>Tout membre de l&rsquo;association peut se retirer par d\u00e9mission exprim\u00e9e par lettre au pr\u00e9sident.<\/p>\r\n                    <!-- \/wp:paragraph -->\r\n\r\n                    <!-- wp:paragraph -->\r\n                    <p>4.3. Radiation<\/p>\r\n                    <!-- \/wp:paragraph -->\r\n\r\n                    <!-- wp:paragraph -->\r\n                    <p>La radiation est prononc\u00e9e par le conseil d&rsquo;administration pour motif grave et, notamment , pour non paiement de la cotisation pendant deux exercices successifs sans justification.<\/p>\r\n                    <!-- \/wp:paragraph -->\r\n\r\n                    <!-- wp:paragraph -->\r\n                    <p><strong>Article 5 : Assembl\u00e9e g\u00e9n\u00e9rale<\/strong><\/p>\r\n                    <!-- \/wp:paragraph -->\r\n\r\n                    <!-- wp:paragraph -->\r\n                    <p>5.1. L&rsquo;assembl\u00e9e g\u00e9n\u00e9rale est pr\u00e9sid\u00e9e par le pr\u00e9sident du conseil d&rsquo;administration ou, en cas d&#8217;emp\u00eachement par le vice-pr\u00e9sident.<\/p>\r\n                    <!-- \/wp:paragraph -->\r\n\r\n                    <!-- wp:paragraph -->\r\n                    <p>5.2. L&rsquo;\u00e9lection des membres du conseil d&rsquo;administration a lieu lors de l&rsquo;assembl\u00e9e g\u00e9n\u00e9rale conform\u00e9ment \u00e0 l&rsquo;article 8 des statuts.<\/p>\r\n                    <!-- \/wp:paragraph -->\r\n\r\n                    <!-- wp:paragraph -->\r\n                    <p>5.3. Le secr\u00e9taire g\u00e9n\u00e9ral du bureau du conseil d&rsquo;administration organise, lors de chaque assembl\u00e9e g\u00e9n\u00e9rale, le contr\u00f4le des pr\u00e9sents et des d\u00e9l\u00e9gations de pouvoir; il v\u00e9rifie que chacun des membres est \u00e0 jour de sa cotisation, en\r\n                      cons\u00e9quence de quoi il fait conna\u00eetre le nombre de votants.<\/p>\r\n                    <!-- \/wp:paragraph -->\r\n\r\n                    <!-- wp:paragraph -->\r\n                    <p>Sont proclam\u00e9s \u00e9lus, dans la limite du nombre des si\u00e8ges \u00e0 pourvoir, les candidats ayant obtenu par ordre d\u00e9croissant le plus grand nombre de voix.<\/p>\r\n                    <!-- \/wp:paragraph -->\r\n\r\n                    <!-- wp:paragraph -->\r\n                    <p><strong>Article 6 : Conseil d&rsquo;administration<\/strong><\/p>\r\n                    <!-- \/wp:paragraph -->\r\n\r\n                    <!-- wp:paragraph -->\r\n                    <p>6.1. Election des membres du conseil d&rsquo;administration<\/p>\r\n                    <!-- \/wp:paragraph -->\r\n\r\n                    <!-- wp:paragraph -->\r\n                    <p>Tout membre actif, \u00e0 jour de sa cotisation, peut faire acte de candidature au conseil d&rsquo;administration. Pour ce faire, il doit la d\u00e9clarer au moins trente jours avant la date de l&rsquo;assembl\u00e9e g\u00e9n\u00e9rale.<\/p>\r\n                    <!-- \/wp:paragraph -->\r\n\r\n                    <!-- wp:paragraph -->\r\n                    <p>La liste des candidatures sera pr\u00e9sent\u00e9e au vote de l&rsquo;assembl\u00e9e g\u00e9n\u00e9rale par ordre alphab\u00e9tique \u00e0 partir d&rsquo;une lettre tir\u00e9e au sort, la mention S sera port\u00e9e en regard du nom des sortants.<\/p>\r\n                    <!-- \/wp:paragraph -->\r\n\r\n                    <!-- wp:paragraph -->\r\n                    <p>Le d\u00e9pouillement du scrutin est op\u00e9r\u00e9 sous le contr\u00f4le du secr\u00e9taire g\u00e9n\u00e9ral du bureau par une commission de trois scrutateurs tir\u00e9s au sort parmi les membres pr\u00e9sents volontaires.<\/p>\r\n                    <!-- \/wp:paragraph -->\r\n\r\n                    <!-- wp:paragraph -->\r\n                    <p>Sont proclam\u00e9s \u00e9lus, dans la limite du nombre des si\u00e8ges \u00e0 pourvoir, les candidats ayant obtenu par ordre d\u00e9croissant le plus grand nombre de voix.<\/p>\r\n                    <!-- \/wp:paragraph -->\r\n\r\n                    <!-- wp:paragraph -->\r\n                    <p>6.2. Composition<\/p>\r\n                    <!-- \/wp:paragraph -->\r\n\r\n                    <!-- wp:paragraph -->\r\n                    <p>Le conseil d&rsquo;administration comprend les administrateurs r\u00e9guli\u00e8rement \u00e9lus, conform\u00e9ment \u00e0 l&rsquo;article 8 des statuts.<\/p>\r\n                    <!-- \/wp:paragraph -->\r\n\r\n                    <!-- wp:paragraph -->\r\n                    <p>Le g\u00e9n\u00e9ral commandant la Force A\u00e9rienne de projection, membre de droit du Conseil de l&rsquo;ANTAM, peut, en cas d&#8217;emp\u00eachement, s&rsquo;y faire repr\u00e9senter.<\/p>\r\n                    <!-- \/wp:paragraph -->\r\n\r\n                    <!-- wp:paragraph -->\r\n                    <p>Peuvent assister aux s\u00e9ances avec voix consultatives, les pr\u00e9sidents (ou leurs repr\u00e9sentants) des associations vis\u00e9es \u00e0 l&rsquo;article 3 des statuts.<\/p>\r\n                    <!-- \/wp:paragraph -->\r\n\r\n                    <!-- wp:paragraph -->\r\n                    <p>Les membres \u00e9lus peuvent \u00eatre consid\u00e9r\u00e9s comme d\u00e9missionnaires s&rsquo;ils n&rsquo;ont pas assist\u00e9 \u00e0 trois r\u00e9unions cons\u00e9cutives du conseil sans raison valable.<\/p>\r\n                    <!-- \/wp:paragraph -->\r\n\r\n                    <!-- wp:paragraph -->\r\n                    <p>6.3. Renouvellement<\/p>\r\n                    <!-- \/wp:paragraph -->\r\n\r\n                    <!-- wp:paragraph -->\r\n                    <p>Un tiers des membres du conseil est renouvel\u00e9 tous les ans.<\/p>\r\n                    <!-- \/wp:paragraph -->\r\n\r\n                    <!-- wp:paragraph -->\r\n                    <p>6.4. Proc\u00e8s-verbaux<\/p>\r\n                    <!-- \/wp:paragraph -->\r\n\r\n                    <!-- wp:paragraph -->\r\n                    <p>Les proc\u00e8s verbaux des r\u00e9unions du conseil d&rsquo;administration sont class\u00e9s dans un registre sign\u00e9 et paraph\u00e9 par le pr\u00e9sident ou son d\u00e9l\u00e9gu\u00e9. Ces proc\u00e8s-verbaux sont adress\u00e9s \u00e0 tous les membres du conseil d&rsquo;administration.<\/p>\r\n                    <!-- \/wp:paragraph -->\r\n\r\n                    <!-- wp:paragraph -->\r\n                    <p><strong>Article 7 : Bureau du Conseil d&rsquo;administration<\/strong><\/p>\r\n                    <!-- \/wp:paragraph -->\r\n\r\n                    <!-- wp:paragraph -->\r\n                    <p>Le bureau se compose :<\/p>\r\n                    <!-- \/wp:paragraph -->\r\n\r\n                    <!-- wp:paragraph -->\r\n                    <p>&#8211; d&rsquo;un pr\u00e9sident et de vice-pr\u00e9sidents<\/p>\r\n                    <!-- \/wp:paragraph -->\r\n\r\n                    <!-- wp:paragraph -->\r\n                    <p>&#8211; d&rsquo;un secr\u00e9taire g\u00e9n\u00e9ral et d&rsquo;adjoints<\/p>\r\n                    <!-- \/wp:paragraph -->\r\n\r\n                    <!-- wp:paragraph -->\r\n                    <p>&#8211; d&rsquo;un tr\u00e9sorier g\u00e9n\u00e9ral et d&rsquo;adjoints<\/p>\r\n                    <!-- \/wp:paragraph -->\r\n\r\n                    <!-- wp:paragraph -->\r\n                    <p>&#8211; de charg\u00e9s de mission<\/p>\r\n                    <!-- \/wp:paragraph -->\r\n\r\n                    <!-- wp:paragraph -->\r\n                    <p>Le bureau assure la gestion et l&rsquo;administration de l&rsquo;association; il propose et organise les manifestations. Il pr\u00e9pare le budget annuel et le propose \u00e0 l&rsquo;approbation du conseil d&rsquo;administration avant le 1er d\u00e9cembre pour l&rsquo;ann\u00e9e suivante.<\/p>\r\n                    <!-- \/wp:paragraph -->\r\n\r\n                    <!-- wp:paragraph -->\r\n                    <p>Le bureau peut cr\u00e9er toute commission en cas de besoin, il d\u00e9finit alors son r\u00f4le et son organisation et en confie la pr\u00e9sidence \u00e0 un membre du conseil d&rsquo;administration.<\/p>\r\n                    <!-- \/wp:paragraph -->\r\n\r\n                    <!-- wp:paragraph -->\r\n                    <p>Il assure la liaison avec les associations ou amicales existantes des unit\u00e9s du transport a\u00e9rien militaire et\/ou de la Force A\u00e9rienne de Projection.<\/p>\r\n                    <!-- \/wp:paragraph -->\r\n\r\n                    <!-- wp:paragraph -->\r\n                    <p>Il peut s&rsquo;adjoindre, en cas de besoin, toute personnalit\u00e9 d&rsquo;un sujet pr\u00e9cis, celle-ci ayant voix consultative.<\/p>\r\n                    <!-- \/wp:paragraph -->\r\n\r\n                    <!-- wp:paragraph -->\r\n                    <p><strong>Article 8 : Organisation r\u00e9gionale<\/strong><\/p>\r\n                    <!-- \/wp:paragraph -->\r\n\r\n                    <!-- wp:paragraph -->\r\n                    <p>Elle comprend :<\/p>\r\n                    <!-- \/wp:paragraph -->\r\n\r\n                    <!-- wp:paragraph -->\r\n                    <p>&#8211; des d\u00e9l\u00e9gations de secteurs<\/p>\r\n                    <!-- \/wp:paragraph -->\r\n\r\n                    <!-- wp:paragraph -->\r\n                    <p>&#8211; des d\u00e9l\u00e9gations de sous-secteurs et\/ou de d\u00e9partements.<\/p>\r\n                    <!-- \/wp:paragraph -->\r\n\r\n                    <!-- wp:paragraph -->\r\n                    <p>Le secteur, constitue par le regroupement de plusieurs d\u00e9l\u00e9gation de sous-secteurs et comprend plusieurs d\u00e9partements. Une d\u00e9l\u00e9gation d\u00e9partementale isol\u00e9e peut \u00eatre rattach\u00e9es \u00e0 un secteur.<\/p>\r\n                    <!-- \/wp:paragraph -->\r\n\r\n                    <!-- wp:paragraph -->\r\n                    <p>La d\u00e9l\u00e9gation de sous-secteur, est dirig\u00e9e par un d\u00e9l\u00e9gu\u00e9 de sous-secteur et comprend plusieurs d\u00e9partements. Une d\u00e9l\u00e9gation d\u00e9partementale isol\u00e9e peut \u00eatre rattach\u00e9e \u00e0 un secteur.<\/p>\r\n                    <!-- \/wp:paragraph -->\r\n\r\n                    <!-- wp:paragraph -->\r\n                    <p>La d\u00e9l\u00e9gation d\u00e9partementale est dirig\u00e9e par un d\u00e9l\u00e9gu\u00e9 d\u00e9partemental.<\/p>\r\n                    <!-- \/wp:paragraph -->\r\n\r\n                    <!-- wp:paragraph -->\r\n                    <p><strong>Article 9 : Les d\u00e9l\u00e9gu\u00e9s de secteurs &#8211; de sous-secteurs &#8211; d\u00e9partementaux<\/strong><\/p>\r\n                    <!-- \/wp:paragraph -->\r\n\r\n                    <!-- wp:paragraph -->\r\n                    <p>Les d\u00e9l\u00e9gu\u00e9s de secteurs sont les repr\u00e9sentants d\u00e9sign\u00e9s du bureau de l&rsquo;association pour le secteur.<\/p>\r\n                    <!-- \/wp:paragraph -->\r\n\r\n                    <!-- wp:paragraph -->\r\n                    <p>Les d\u00e9l\u00e9gu\u00e9s de sous-secteurs sont les repr\u00e9sentants d\u00e9sign\u00e9s du d\u00e9l\u00e9gu\u00e9 de secteur<\/p>\r\n                    <!-- \/wp:paragraph -->\r\n\r\n                    <!-- wp:paragraph -->\r\n                    <p>Les d\u00e9l\u00e9gu\u00e9s de secteurs, le cas \u00e9ch\u00e9ant de sous-secteurs, seront accr\u00e9dit\u00e9s par le pr\u00e9sident aupr\u00e8s du commandant de la base supportant une unit\u00e9 de la Force A\u00e9rienne de Projection, situ\u00e9e dans leur secteur.<\/p>\r\n                    <!-- \/wp:paragraph -->\r\n\r\n                    <!-- wp:paragraph -->\r\n                    <p>Ils ont pour r\u00f4le :<\/p>\r\n                    <!-- \/wp:paragraph -->\r\n\r\n                    <!-- wp:paragraph -->\r\n                    <p>&#8211; d&rsquo;animer la vie r\u00e9gionale de l&rsquo;ANTAM<\/p>\r\n                    <!-- \/wp:paragraph -->\r\n\r\n                    <!-- wp:paragraph -->\r\n                    <p>&#8211; de repr\u00e9senter l&rsquo;ANTAM localement et chaque fois que n\u00e9cessaire<\/p>\r\n                    <!-- \/wp:paragraph -->\r\n\r\n                    <!-- wp:paragraph -->\r\n                    <p>&#8211; d&rsquo;assurer la liaison avec les unit\u00e9s et les bases a\u00e9riennes<\/p>\r\n                    <!-- \/wp:paragraph -->\r\n\r\n                    <!-- wp:paragraph -->\r\n                    <p>&#8211; de resserrer les liens entre les membres de l&rsquo;ANTAM; il leur appartient notamment d&rsquo;assurer une pr\u00e9sence aupr\u00e8s des camarades malades ou en difficult\u00e9s ainsi qu&rsquo;aupr\u00e8s de leur famille.<\/p>\r\n                    <!-- \/wp:paragraph -->\r\n\r\n                    <!-- wp:paragraph -->\r\n                    <p>&#8211; de promouvoir localement l&rsquo;association et d&rsquo;acc\u00e9l\u00e9rer le recrutement et le recouvrement des cotisations.<\/p>\r\n                    <!-- \/wp:paragraph -->\r\n\r\n                    <!-- wp:paragraph -->\r\n                    <p>&#8211; de recueillir toute information pouvant int\u00e9resser ou ayant un rapport avec la vie de l&rsquo;ANTAM.<\/p>\r\n                    <!-- \/wp:paragraph -->\r\n\r\n                    <!-- wp:paragraph -->\r\n                    <p>Les fonction de d\u00e9l\u00e9gu\u00e9s sont b\u00e9n\u00e9voles. Les d\u00e9l\u00e9gu\u00e9s peuvent cependant demander le remboursement, sur justificatifs, de frais engag\u00e9s par eux dans l&rsquo;int\u00e9r\u00eat de l&rsquo;association et dans les limites fix\u00e9es par le conseil d&rsquo;administration.<\/p>\r\n                    <!-- \/wp:paragraph -->\r\n\r\n                    <!-- wp:paragraph -->\r\n                    <p><strong>Article 10<\/strong><\/p>\r\n                    <!-- \/wp:paragraph -->\r\n\r\n                    <!-- wp:paragraph -->\r\n                    <p>L&rsquo;association peut \u00e9diter ou participer \u00e0 toutes publications qu&rsquo;elle estime n\u00e9cessaires \u00e0 l&rsquo;accomplissement de son objet.<\/p>\r\n                    <!-- \/wp:paragraph -->\r\n\r\n                    <!-- wp:paragraph -->\r\n                    <p><strong>Article 11<\/strong><\/p>\r\n                    <!-- \/wp:paragraph -->\r\n\r\n                    <!-- wp:paragraph -->\r\n                    <p>Les membres de l&rsquo;association ne peuvent recevoir de r\u00e9tribution pour les fonctions qu&rsquo;ils exercent \u00e0 son profit.<\/p>\r\n                    <!-- \/wp:paragraph -->\r\n\r\n                    <!-- wp:paragraph -->\r\n                    <p><strong>Article 12<\/strong><\/p>\r\n                    <!-- \/wp:paragraph -->\r\n\r\n                    <!-- wp:paragraph -->\r\n                    <p>Le r\u00e8glement int\u00e9rieur peut \u00eatre modifi\u00e9 sur proposition du pr\u00e9sident ou \u00e0 la demande du tiers des membres du conseil d&rsquo;administration. Toute modification devra \u00eatre approuv\u00e9e par l&rsquo;assembl\u00e9e g\u00e9n\u00e9rale conform\u00e9ment \u00e0 l&rsquo;article 12 des\r\n                      statuts.<\/p>\r\n                    <!-- \/wp:paragraph -->\r\n\r\n                    <!-- wp:paragraph -->\r\n                    <p>16 mai 1997<\/p>\r\n                    <!-- \/wp:paragraph -->\r\n\r\n                    <!-- wp:paragraph -->\r\n                    <p>NB : le pr\u00e9sent r\u00e8glement int\u00e9rieur annule et remplace celui en date du 31 mai 1991.<\/p>\r\n                    <!-- \/wp:paragraph -->\r\n\r\n                    <!-- wp:paragraph -->\r\n                    <p>Edit.ANTAM 25\/5\/97<\/p>\r\n                    <!-- \/wp:paragraph -->\r\n                  <\/div>\r\n                <\/div>\r\n              <\/div>\r\n            <\/div>\r\n          <\/div>\r\n        <\/div>\r\n      <\/div>\r\n    <\/div>\r\n  <\/div>\r\n<\/div>\t\t\t\t\t\t<\/div>\n\t\t\t\t<\/div>\n\t\t\t\t\t<\/div>\n\t\t<\/div>\n\t\t\t\t\t<\/div>\n\t\t<\/section>\n\t\t\t\t<\/div>\n\t\t","protected":false},"excerpt":{"rendered":"<p>R\u00e8glement int\u00e9rieur Article 1 : Le pr\u00e9sent r\u00e8glement est \u00e9tabli en ex\u00e9cution de l&rsquo;article 12 des statuts Article 2 : Disposition g\u00e9n\u00e9rale Les membres de l&rsquo;association s&rsquo;interdisent, soit dans leurs r\u00e9unions, soit dans l&rsquo;administration de l&rsquo;association toute discussion politique ou religieuse. Article 3 : Cotisation 3.1 . Montant Les membres actifs et les membres associ\u00e9s [&hellip;]<\/p>\n","protected":false},"author":1,"featured_media":0,"parent":0,"menu_order":0,"comment_status":"closed","ping_status":"closed","template":"page-templates\/homepage.php","meta":[],"_links":{"self":[{"href":"https:\/\/antam.ovh\/index.php\/wp-json\/wp\/v2\/pages\/27"}],"collection":[{"href":"https:\/\/antam.ovh\/index.php\/wp-json\/wp\/v2\/pages"}],"about":[{"href":"https:\/\/antam.ovh\/index.php\/wp-json\/wp\/v2\/types\/page"}],"author":[{"embeddable":true,"href":"https:\/\/antam.ovh\/index.php\/wp-json\/wp\/v2\/users\/1"}],"replies":[{"embeddable":true,"href":"https:\/\/antam.ovh\/index.php\/wp-json\/wp\/v2\/comments?post=27"}],"version-history":[{"count":7,"href":"https:\/\/antam.ovh\/index.php\/wp-json\/wp\/v2\/pages\/27\/revisions"}],"predecessor-version":[{"id":2143,"href":"https:\/\/antam.ovh\/index.php\/wp-json\/wp\/v2\/pages\/27\/revisions\/2143"}],"wp:attachment":[{"href":"https:\/\/antam.ovh\/index.php\/wp-json\/wp\/v2\/media?parent=27"}],"curies":[{"name":"wp","href":"https:\/\/api.w.org\/{rel}","templated":true}]}}